s digit of 939765672?
9
What is the units digit of 592295493?
3
What is the thousands digit of 294693063?
3
What is the ten thousands digit of 34686597?
8
What is the units digit of 320492705?
5
What is the ten thousands digit of 55959553?
5
What is the tens digit of 82045325?
2
What is the units digit of 4577454849?
9
What is the millions digit of 868381893?
8
What is the millions digit of 32200492?
2
What is the thousands digit of 93525307?
5
What is the hundreds digit of 30822968?
9
What is the ten thousands digit of 59079654?
7
What is the hundreds digit of 67030035?
0
What is the tens digit of 1144317658?
5
What is the hundreds digit of 199208926?
9
What is the tens digit of 106526693?
9
What is the ten millions digit of 90648915?
9
What is the millions digit of 1165928358?
5
What is the hundred thousands digit of 892118885?
1
What is the units digit of 725059486?
6
What is the billions digit of 5693159611?
5
What is the hundreds digit of 5016300306?
3
What is the units digit of 1011106268?
8
What is the billions digit of 1503446291?
1
What is the ten thousands digit of 1245284799?
8
What is the millions digit of 463264559?
3
What is the units digit of 9226059576?
6
What is the hundred millions digit of 533980929?
5
What is the millions digit of 260267449?
0
What is the millions digit of 1766191135?
6
What is the thousands digit of 620912901?
2
What is the ten thousands digit of 35772087?
7
What is the hundreds digit of 174508912?
9
What is the tens digit of 160719498?
9
What is the millions digit of 40023494?
0
What is the ten thousands digit of 29601633?
0
What is the hundred millions digit of 1163173264?
1
What is the hundred millions digit of 743379145?
7
What is the thousands digit of 72175563?
5
What is the thousands digit of 2127923?
7
What is the tens digit of 36402459?
5
What is the ten thousands digit of 100101220?
0
What is the hundreds digit of 41172749?
7
What is the thousands digit of 2494170745?
0
What is the hundred thousands digit of 8123092142?
0
What is the units digit of 3749952951?
1
What is the hundred thousands digit of 49551005?
5
What is the hundreds digit of 34770626?
6
What is the ten millions digit of 41731967?
4
What is the ten thousands digit of 317142948?
4
What is the hundreds digit of 60199123?
1
What is the units digit of 87712030?
0
What is the units digit of 46348735?
5
What is the billions digit of 1291929368?
1
What is the tens digit of 2510141001?
0
What is the ten millions digit of 1554317471?
5
What is the units digit of 618692613?
3
What is the ten millions digit of 1712658484?
1
What is the millions digit of 50083235?
0
What is the millions digit of 82199867?
2
What is the hundred thousands digit of 554913669?
9
What is the tens digit of 48838467?
6
What is the units digit of 277926848?
8
What is the ten millions digit of 421578979?
2
What is the ten thousands digit of 200483816?
8
What is the billions digit of 2413362651?
2
What is the billions digit of 1839868503?
1
What is the hundred thousands digit of 355580501?
5
What is the hundred thousands digit of 530752181?
7
What is the thousands digit of 2483013455?
3
What is the hundred thousands digit of 55442410?
4
What is the tens digit of 48234031?
3
What is the tens digit of 6068143?
4
What is the thousands digit of 249054742?
4
What is the tens digit of 3934306788?
8
What is the ten thousands digit of 31047866?
4
What is the tens digit of 1717915614?
1
What is the hundreds digit of 92092995?
9
What is the units digit of 31867625?
5
What is the units digit of 17019065?
5
What is the hundreds digit of 212510635?
6
What is the ten thousands digit of 93333006?
3
What is the millions digit of 953408864?
3
What is the millions digit of 100899114?
0
What is the hundred millions digit of 4841450145?
8
What is the ten thousands digit of 2605547939?
4
What is the millions digit of 1712940737?
2
What is the ten millions digit of 438403014?
3
What is the ten thousands digit of 1080933705?
3
What is the hundred thousands digit of 52026656?
0
What is the thousands digit of 655228328?
8
What is the hundred millions digit of 119660362?
1
What is the millions digit of 161762688?
1
What is the ten thousands digit of 13182607?
8
What is the ten thousands digit of 1414953138?
5
What is the thousands digit of 90539866?
9
What is the millions digit of 23687605?
3
What is the tens digit of 3451607?
0
What is the billions digit of 1063283738?
1
What is the hundred millions digit of 2680722731?
6
What is the ten thousands digit of 1713095843?
9
What is the hundred thousands digit of 20928365?
9
What is the units digit of 7532095375?
5
What is the hundred millions digit of 667522289?
6
What is the hundred thousands digit of 2039420922?
4
What is the millions digit of 597038486?
7
What is the hundred millions digit of 123884357?
1
What is the hundred thousands digit of 1875281957?
2
What is the ten millions digit of 8348735137?
4
What is the tens digit of 307349581?
8
What is the hundred thousands digit of 8856138?
8
What is the hundreds digit of 161692800?
8
What is the ten thousands digit of 1158183591?
8
What is the thousands digit of 44942915?
2
What is the thousands digit of 144287435?
7
What is the units digit of 884657065?
5
What is the hundreds digit of 283187006?
0
What is the thousands digit of 916718192?
8
What is the ten millions digit of 29816501?
2
What is the hundred thousands digit of 718374176?
3
What is the hundreds digit of 7490657?
6
What is the ten millions digit of 2895435470?
9
What is the ten thousands digit of 957941678?
4
What is the hundreds digit of 342478662?
6
What is the ten thousands digit of 76737499?
3
What is the ten millions digit of 51446783?
5
What is the millions digit of 125974080?
5
What is the ten thousands digit of 282722665?
2
What is the ten thousands digit of 22285834?
8
What is the thousands digit of 272155852?
5
What is the tens digit of 3064713?
1
What is the ten millions digit of 109200774?
0
What is the millions digit of 14774023?
4
What is the ten millions digit of 3586479019?
8
What is the units digit of 2541786187?
7
What is the hundred thousands digit of 542400068?
4
What is the thousands digit of 285830170?
0
What is the ten millions digit of 24136310?
2
What is the hundreds digit of 126892592?
5
What is the thousands digit of 80393963?
3
What is the hundred thousands digit of 59156876?
1
What is the millions digit of 31351554?
1
What is the units digit of 82964812?
2
What is the thousands digit of 3217812079?
2
What is the units digit of 62163024?
4
What is the ten thousands digit of 169744891?
4
What is the hundred millions digit of 145577508?
1
What is the ten millions digit of 215983469?
1
What is the hundred millions digit of 739400997?
7
What is the ten millions digit of 587904017?
8
What is the ten thousands digit of 2911857865?
5
What is the ten millions digit of 323485544?
2
What is the ten thousands digit of 71608805?
0
What is the ten millions digit of 44406100?
4
What is the hundred thousands digit of 1336952774?
9
What is the hundred millions digit of 120228622?
1
What is the hundreds digit of 1058519300?
3
What is the ten millions digit of 16155905?
1
What is the ten millions digit of 23860539?
2
What is the ten thousands digit of 8433855335?
5
What is the hundreds digit of 868196008?
0
What is the tens digit of 5113429804?
0
What is the thousands digit of 27748774?
8
What is the thousands digit of 29370526?
0
What is the thousands digit of 467778277?
8
What is the millions digit of 118753649?
8
What is the billions digit of 2135225086?
2
What is the ten thousands digit of 106621793?
2
What is the billions digit of 6550976809?
6
What is the tens digit of 8316006?
0
What is the ten thousands digit of 464297085?
9
What is the hundred thousands digit of 102944378?
9
What is the ten thousands digit of 1095871529?
7
What is the units digit of 2454807326?
6
What is the ten millions digit of 366018832?
6
What is the hundred millions digit of 463320913?
4
What is the ten millions digit of 2119705684?
1
What is the hundreds digit of 281184242?
2
What is the ten millions digit of 12751560?
1
What is the ten thousands digit of 463414579?
1
What is the ten millions digit of 141954809?
4
What is the millions 